{"id":171,"date":"2017-11-08T11:34:23","date_gmt":"2017-11-08T14:34:23","guid":{"rendered":"https:\/\/blackeagleoperaciones.com\/sitio\/?page_id=171"},"modified":"2024-07-24T10:42:58","modified_gmt":"2024-07-24T13:42:58","slug":"informatica","status":"publish","type":"page","link":"https:\/\/blackeagleoperaciones.com\/sitio\/index.php\/servicios\/informatica\/","title":{"rendered":"Seguridad Inform\u00e1tica"},"content":{"rendered":"\t\t<div data-elementor-type=\"wp-page\" data-elementor-id=\"171\" class=\"elementor elementor-171\" data-elementor-post-type=\"page\">\n\t\t\t\t\t\t<section class=\"elementor-section elementor-top-section elementor-element elementor-element-72f26dc elementor-section-full_width elementor-section-height-default elementor-section-height-default\" data-id=\"72f26dc\" data-element_type=\"section\" data-e-type=\"section\">\n\t\t\t\t\t\t<div class=\"elementor-container elementor-column-gap-default\">\n\t\t\t\t\t<div class=\"elementor-column elementor-col-100 elementor-top-column elementor-element elementor-element-f4b192e\" data-id=\"f4b192e\" data-element_type=\"column\" data-e-type=\"column\" data-settings=\"{&quot;background_background&quot;:&quot;classic&quot;}\">\n\t\t\t<div class=\"elementor-widget-wrap elementor-element-populated\">\n\t\t\t\t\t\t<section class=\"elementor-section elementor-inner-section elementor-element elementor-element-e9fe466 elementor-section-boxed elementor-section-height-default elementor-section-height-default\" data-id=\"e9fe466\" data-element_type=\"section\" data-e-type=\"section\">\n\t\t\t\t\t\t<div class=\"elementor-container elementor-column-gap-default\">\n\t\t\t\t\t<div class=\"elementor-column elementor-col-100 elementor-inner-column elementor-element elementor-element-cb89eca\" data-id=\"cb89eca\" data-element_type=\"column\" data-e-type=\"column\">\n\t\t\t<div class=\"elementor-widget-wrap elementor-element-populated\">\n\t\t\t\t\t\t<div class=\"elementor-element elementor-element-af036e2 elementor-widget elementor-widget-spacer\" data-id=\"af036e2\" data-element_type=\"widget\" data-e-type=\"widget\" data-widget_type=\"spacer.default\">\n\t\t\t\t<div class=\"elementor-widget-container\">\n\t\t\t\t\t\t\t<div class=\"elementor-spacer\">\n\t\t\t<div class=\"elementor-spacer-inner\"><\/div>\n\t\t<\/div>\n\t\t\t\t\t\t<\/div>\n\t\t\t\t<\/div>\n\t\t\t\t<div class=\"elementor-element elementor-element-4dcf975 elementor-widget elementor-widget-image-gallery\" data-id=\"4dcf975\" data-element_type=\"widget\" data-e-type=\"widget\" data-widget_type=\"image-gallery.default\">\n\t\t\t\t<div class=\"elementor-widget-container\">\n\t\t\t\t\t\t\t<div class=\"elementor-image-gallery\">\n\t\t\t<div id='gallery-1' class='gallery galleryid-171 gallery-columns-3 gallery-size-full'><figure class='gallery-item'>\n\t\t\t<div class='gallery-icon landscape'>\n\t\t\t\t<a data-elementor-open-lightbox=\"yes\" data-elementor-lightbox-slideshow=\"4dcf975\" data-elementor-lightbox-title=\"seguridad-informatica\" data-e-action-hash=\"#elementor-action%3Aaction%3Dlightbox%26settings%3DeyJpZCI6MTc2LCJ1cmwiOiJodHRwczpcL1wvYmxhY2tlYWdsZW9wZXJhY2lvbmVzLmNvbVwvc2l0aW9cL3dwLWNvbnRlbnRcL3VwbG9hZHNcLzIwMTdcLzExXC9zZWd1cmlkYWQtaW5mb3JtYXRpY2EtMS5qcGciLCJzbGlkZXNob3ciOiI0ZGNmOTc1In0%3D\" href='https:\/\/blackeagleoperaciones.com\/sitio\/wp-content\/uploads\/2017\/11\/seguridad-informatica-1.jpg'><img fetchpriority=\"high\" decoding=\"async\" width=\"1119\" height=\"425\" src=\"https:\/\/blackeagleoperaciones.com\/sitio\/wp-content\/uploads\/2017\/11\/seguridad-informatica-1.jpg\" class=\"attachment-full size-full\" alt=\"\" srcset=\"https:\/\/blackeagleoperaciones.com\/sitio\/wp-content\/uploads\/2017\/11\/seguridad-informatica-1.jpg 1119w, https:\/\/blackeagleoperaciones.com\/sitio\/wp-content\/uploads\/2017\/11\/seguridad-informatica-1-300x114.jpg 300w, https:\/\/blackeagleoperaciones.com\/sitio\/wp-content\/uploads\/2017\/11\/seguridad-informatica-1-768x292.jpg 768w, https:\/\/blackeagleoperaciones.com\/sitio\/wp-content\/uploads\/2017\/11\/seguridad-informatica-1-1024x389.jpg 1024w\" sizes=\"(max-width: 1119px) 100vw, 1119px\" \/><\/a>\n\t\t\t<\/div><\/figure><figure class='gallery-item'>\n\t\t\t<div class='gallery-icon landscape'>\n\t\t\t\t<a data-elementor-open-lightbox=\"yes\" data-elementor-lightbox-slideshow=\"4dcf975\" data-elementor-lightbox-title=\"seguridad--informatica-\" data-e-action-hash=\"#elementor-action%3Aaction%3Dlightbox%26settings%3DeyJpZCI6MTc0LCJ1cmwiOiJodHRwczpcL1wvYmxhY2tlYWdsZW9wZXJhY2lvbmVzLmNvbVwvc2l0aW9cL3dwLWNvbnRlbnRcL3VwbG9hZHNcLzIwMTdcLzExXC9zZWd1cmlkYWQtaW5mb3JtYXRpY2EtLmpwZyIsInNsaWRlc2hvdyI6IjRkY2Y5NzUifQ%3D%3D\" href='https:\/\/blackeagleoperaciones.com\/sitio\/wp-content\/uploads\/2017\/11\/seguridad-informatica-.jpg'><img decoding=\"async\" width=\"1119\" height=\"425\" src=\"https:\/\/blackeagleoperaciones.com\/sitio\/wp-content\/uploads\/2017\/11\/seguridad-informatica-.jpg\" class=\"attachment-full size-full\" alt=\"\" srcset=\"https:\/\/blackeagleoperaciones.com\/sitio\/wp-content\/uploads\/2017\/11\/seguridad-informatica-.jpg 1119w, https:\/\/blackeagleoperaciones.com\/sitio\/wp-content\/uploads\/2017\/11\/seguridad-informatica--300x114.jpg 300w, https:\/\/blackeagleoperaciones.com\/sitio\/wp-content\/uploads\/2017\/11\/seguridad-informatica--768x292.jpg 768w, https:\/\/blackeagleoperaciones.com\/sitio\/wp-content\/uploads\/2017\/11\/seguridad-informatica--1024x389.jpg 1024w\" sizes=\"(max-width: 1119px) 100vw, 1119px\" \/><\/a>\n\t\t\t<\/div><\/figure><figure class='gallery-item'>\n\t\t\t<div class='gallery-icon landscape'>\n\t\t\t\t<a data-elementor-open-lightbox=\"yes\" data-elementor-lightbox-slideshow=\"4dcf975\" data-elementor-lightbox-title=\"seguridad-informatica-\" data-e-action-hash=\"#elementor-action%3Aaction%3Dlightbox%26settings%3DeyJpZCI6MTc1LCJ1cmwiOiJodHRwczpcL1wvYmxhY2tlYWdsZW9wZXJhY2lvbmVzLmNvbVwvc2l0aW9cL3dwLWNvbnRlbnRcL3VwbG9hZHNcLzIwMTdcLzExXC9zZWd1cmlkYWQtaW5mb3JtYXRpY2EtMS0xLmpwZyIsInNsaWRlc2hvdyI6IjRkY2Y5NzUifQ%3D%3D\" href='https:\/\/blackeagleoperaciones.com\/sitio\/wp-content\/uploads\/2017\/11\/seguridad-informatica-1-1.jpg'><img decoding=\"async\" width=\"1119\" height=\"425\" src=\"https:\/\/blackeagleoperaciones.com\/sitio\/wp-content\/uploads\/2017\/11\/seguridad-informatica-1-1.jpg\" class=\"attachment-full size-full\" alt=\"\" srcset=\"https:\/\/blackeagleoperaciones.com\/sitio\/wp-content\/uploads\/2017\/11\/seguridad-informatica-1-1.jpg 1119w, https:\/\/blackeagleoperaciones.com\/sitio\/wp-content\/uploads\/2017\/11\/seguridad-informatica-1-1-300x114.jpg 300w, https:\/\/blackeagleoperaciones.com\/sitio\/wp-content\/uploads\/2017\/11\/seguridad-informatica-1-1-768x292.jpg 768w, https:\/\/blackeagleoperaciones.com\/sitio\/wp-content\/uploads\/2017\/11\/seguridad-informatica-1-1-1024x389.jpg 1024w\" sizes=\"(max-width: 1119px) 100vw, 1119px\" \/><\/a>\n\t\t\t<\/div><\/figure>\n\t\t<\/div>\n\t\t<\/div>\n\t\t\t\t\t\t<\/div>\n\t\t\t\t<\/div>\n\t\t\t\t<div class=\"elementor-element elementor-element-77bda5a elementor-view-default elementor-position-block-start elementor-mobile-position-block-start elementor-widget elementor-widget-icon-box\" data-id=\"77bda5a\" data-element_type=\"widget\" data-e-type=\"widget\" data-widget_type=\"icon-box.default\">\n\t\t\t\t<div class=\"elementor-widget-container\">\n\t\t\t\t\t\t\t<div class=\"elementor-icon-box-wrapper\">\n\n\t\t\t\t\t\t<div class=\"elementor-icon-box-icon\">\n\t\t\t\t<span  class=\"elementor-icon\">\n\t\t\t\t<i class=\"fa fa-chevron-down\" aria-hidden=\"true\"><\/i>\t\t\t\t<\/span>\n\t\t\t<\/div>\n\t\t\t\n\t\t\t\t\t\t<div class=\"elementor-icon-box-content\">\n\n\t\t\t\t\t\t\t\t\t<h3 class=\"elementor-icon-box-title\">\n\t\t\t\t\t\t<span  >\n\t\t\t\t\t\t\tSeguridad Inform\u00e1tica\t\t\t\t\t\t<\/span>\n\t\t\t\t\t<\/h3>\n\t\t\t\t\n\t\t\t\t\n\t\t\t<\/div>\n\t\t\t\n\t\t<\/div>\n\t\t\t\t\t\t<\/div>\n\t\t\t\t<\/div>\n\t\t\t\t\t<\/div>\n\t\t<\/div>\n\t\t\t\t\t<\/div>\n\t\t<\/section>\n\t\t\t\t<section class=\"elementor-section elementor-inner-section elementor-element elementor-element-8f3a1fa elementor-section-boxed elementor-section-height-default elementor-section-height-default\" data-id=\"8f3a1fa\" data-element_type=\"section\" data-e-type=\"section\">\n\t\t\t\t\t\t<div class=\"elementor-container elementor-column-gap-default\">\n\t\t\t\t\t<div class=\"elementor-column elementor-col-50 elementor-inner-column elementor-element elementor-element-6259bfb\" data-id=\"6259bfb\" data-element_type=\"column\" data-e-type=\"column\">\n\t\t\t<div class=\"elementor-widget-wrap elementor-element-populated\">\n\t\t\t\t\t\t<div class=\"elementor-element elementor-element-6a93029 elementor-widget elementor-widget-text-editor\" data-id=\"6a93029\" data-element_type=\"widget\" data-e-type=\"widget\" data-widget_type=\"text-editor.default\">\n\t\t\t\t<div class=\"elementor-widget-container\">\n\t\t\t\t\t\t\t\t\t<p>El objetivo de la seguridad inform\u00e1tica es lograr protecci\u00f3n de datos en la red y los recursos de informaci\u00f3n.<\/p><p>Atreves de nuestros especialistas en inform\u00e1tica minimizamos los riesgos de errores; fraudes y perdidas de los sistemas de informaci\u00f3n que interconectan a empresas, clientes, proveedores, etc&#8230; De esta forma no tendr\u00e1 problemas legales, robo de informaci\u00f3n.<\/p><p>Ataques:<\/p><ol><li>En el sitio web de la v\u00edctima.<\/li><li>En el proveedor de servicios de internet.<\/li><li>En las maquinas zombis.<\/li><\/ol><p>\u00a0<\/p><p>Inundaci\u00f3n de Virus o Programas infectados con ping mortal, es una t\u00e9cnica que pretende agotar el ancho de la banda de la v\u00edctima.<\/p>\t\t\t\t\t\t\t\t<\/div>\n\t\t\t\t<\/div>\n\t\t\t\t\t<\/div>\n\t\t<\/div>\n\t\t\t\t<div class=\"elementor-column elementor-col-50 elementor-inner-column elementor-element elementor-element-f5d861a\" data-id=\"f5d861a\" data-element_type=\"column\" data-e-type=\"column\">\n\t\t\t<div class=\"elementor-widget-wrap elementor-element-populated\">\n\t\t\t\t\t\t<div class=\"elementor-element elementor-element-544af8c elementor-widget elementor-widget-text-editor\" data-id=\"544af8c\" data-element_type=\"widget\" data-e-type=\"widget\" data-widget_type=\"text-editor.default\">\n\t\t\t\t<div class=\"elementor-widget-container\">\n\t\t\t\t\t\t\t\t\t<p><strong><em>Programas contra Hackers. <\/em><\/strong><\/p><p><strong>BLACK EAGLE<\/strong>\u00a0 seguridad inform\u00e1tica se cre\u00f3 para la protecci\u00f3n de todos los mercados brindando un servicio de soluciones y tecnolog\u00edas, cuidando el ciclo de vida de su negocio.<\/p><ol><li>Financiero<\/li><li>Inmobiliario<\/li><li>Retail<\/li><li>Salud<\/li><li>Seguros<\/li><li>Cr\u00e9ditos al consumo<\/li><li>Construcci\u00f3n<\/li><li>Telecomunicaciones<\/li><\/ol><p>\u00a0<\/p><p>Nuestros avanzados sistemas de riesgos, Informaci\u00f3n, Afectaci\u00f3n, Monitoreo\u00a0 y Racionalizaci\u00f3n de datos, permiten contar en pocos segundos, con elementos necesarios para tomar decisiones comerciales precisas, r\u00e1pidas y confiables.<\/p>\t\t\t\t\t\t\t\t<\/div>\n\t\t\t\t<\/div>\n\t\t\t\t\t<\/div>\n\t\t<\/div>\n\t\t\t\t\t<\/div>\n\t\t<\/section>\n\t\t\t\t\t<\/div>\n\t\t<\/div>\n\t\t\t\t\t<\/div>\n\t\t<\/section>\n\t\t\t\t<section class=\"elementor-section elementor-top-section elementor-element elementor-element-t3vbmn0 elementor-section-boxed elementor-section-height-default elementor-section-height-default\" data-id=\"t3vbmn0\" data-element_type=\"section\" data-e-type=\"section\">\n\t\t\t\t\t\t<div class=\"elementor-container elementor-column-gap-default\">\n\t\t\t\t\t<div class=\"elementor-column elementor-col-100 elementor-top-column elementor-element elementor-element-e78qaeo\" data-id=\"e78qaeo\" data-element_type=\"column\" data-e-type=\"column\">\n\t\t\t<div class=\"elementor-widget-wrap elementor-element-populated\">\n\t\t\t\t\t\t<div class=\"elementor-element elementor-element-pyqhkm1 elementor-widget-divider--view-line elementor-widget elementor-widget-divider\" data-id=\"pyqhkm1\" data-element_type=\"widget\" data-e-type=\"widget\" data-widget_type=\"divider.default\">\n\t\t\t\t<div class=\"elementor-widget-container\">\n\t\t\t\t\t\t\t<div class=\"elementor-divider\">\n\t\t\t<span class=\"elementor-divider-separator\">\n\t\t\t\t\t\t<\/span>\n\t\t<\/div>\n\t\t\t\t\t\t<\/div>\n\t\t\t\t<\/div>\n\t\t\t\t<div class=\"elementor-element elementor-element-6d7c0cc elementor-headline--style-highlight elementor-widget elementor-widget-animated-headline\" data-id=\"6d7c0cc\" data-element_type=\"widget\" data-e-type=\"widget\" data-settings=\"{&quot;marker&quot;:&quot;underline&quot;,&quot;highlighted_text&quot;:&quot; tiene este sistema para su tranquilidad.&quot;,&quot;headline_style&quot;:&quot;highlight&quot;,&quot;loop&quot;:&quot;yes&quot;,&quot;highlight_animation_duration&quot;:1200,&quot;highlight_iteration_delay&quot;:8000}\" data-widget_type=\"animated-headline.default\">\n\t\t\t\t<div class=\"elementor-widget-container\">\n\t\t\t\t\t\t\t<h3 class=\"elementor-headline\">\n\t\t\t\t\t<span class=\"elementor-headline-plain-text elementor-headline-text-wrapper\">BLACK EAGLE<\/span>\n\t\t\t\t<span class=\"elementor-headline-dynamic-wrapper elementor-headline-text-wrapper\">\n\t\t\t\t\t<span class=\"elementor-headline-dynamic-text elementor-headline-text-active\"> tiene este sistema para su tranquilidad.<\/span>\n\t\t\t\t<\/span>\n\t\t\t\t<\/h3>\n\t\t\t\t\t\t<\/div>\n\t\t\t\t<\/div>\n\t\t\t\t<div class=\"elementor-element elementor-element-5450d37 elementor-widget elementor-widget-text-editor\" data-id=\"5450d37\" data-element_type=\"widget\" data-e-type=\"widget\" data-widget_type=\"text-editor.default\">\n\t\t\t\t<div class=\"elementor-widget-container\">\n\t\t\t\t\t\t\t\t\t<p>\u00a1LLAMENOS Y CONFIRME SU SEGURIDAD!<\/p>\t\t\t\t\t\t\t\t<\/div>\n\t\t\t\t<\/div>\n\t\t\t\t<div class=\"elementor-element elementor-element-cf11d5f elementor-shape-rounded elementor-grid-0 e-grid-align-center elementor-widget elementor-widget-social-icons\" data-id=\"cf11d5f\" data-element_type=\"widget\" data-e-type=\"widget\" data-widget_type=\"social-icons.default\">\n\t\t\t\t<div class=\"elementor-widget-container\">\n\t\t\t\t\t\t\t<div class=\"elementor-social-icons-wrapper elementor-grid\" role=\"list\">\n\t\t\t\t\t\t\t<span class=\"elementor-grid-item\" role=\"listitem\">\n\t\t\t\t\t<a class=\"elementor-icon elementor-social-icon elementor-social-icon-envelope elementor-repeater-item-a126f1c\" href=\"mailto:info@blackeagleoperaciones.com\" target=\"_blank\">\n\t\t\t\t\t\t<span class=\"elementor-screen-only\">Envelope<\/span>\n\t\t\t\t\t\t\t\t\t\t\t\t\t<i class=\"fa fa-envelope\" aria-hidden=\"true\"><\/i>\n\t\t\t\t\t\t\t\t\t\t\t<\/a>\n\t\t\t\t<\/span>\n\t\t\t\t\t\t\t<span class=\"elementor-grid-item\" role=\"listitem\">\n\t\t\t\t\t<a class=\"elementor-icon elementor-social-icon elementor-social-icon-facebook elementor-repeater-item-5bac40d\" href=\"https:\/\/www.facebook.com\/operacionesblackeagle\" target=\"_blank\">\n\t\t\t\t\t\t<span class=\"elementor-screen-only\">Facebook<\/span>\n\t\t\t\t\t\t\t\t\t\t\t\t\t<i class=\"fa fa-facebook\" aria-hidden=\"true\"><\/i>\n\t\t\t\t\t\t\t\t\t\t\t<\/a>\n\t\t\t\t<\/span>\n\t\t\t\t\t\t\t<span class=\"elementor-grid-item\" role=\"listitem\">\n\t\t\t\t\t<a class=\"elementor-icon elementor-social-icon elementor-social-icon-instagram elementor-repeater-item-3c63d67\" href=\"https:\/\/www.instagram.com\/blackeagleoperaciones\/\" target=\"_blank\">\n\t\t\t\t\t\t<span class=\"elementor-screen-only\">Instagram<\/span>\n\t\t\t\t\t\t\t\t\t\t\t\t\t<i class=\"fa fa-instagram\" aria-hidden=\"true\"><\/i>\n\t\t\t\t\t\t\t\t\t\t\t<\/a>\n\t\t\t\t<\/span>\n\t\t\t\t\t\t\t<span class=\"elementor-grid-item\" role=\"listitem\">\n\t\t\t\t\t<a class=\"elementor-icon elementor-social-icon elementor-social-icon-whatsapp elementor-repeater-item-7c3e5ab\" href=\"https:\/\/api.whatsapp.com\/send?phone=541121938492\" target=\"_blank\">\n\t\t\t\t\t\t<span class=\"elementor-screen-only\">Whatsapp<\/span>\n\t\t\t\t\t\t\t\t\t\t\t\t\t<i class=\"fa fa-whatsapp\" aria-hidden=\"true\"><\/i>\n\t\t\t\t\t\t\t\t\t\t\t<\/a>\n\t\t\t\t<\/span>\n\t\t\t\t\t<\/div>\n\t\t\t\t\t\t<\/div>\n\t\t\t\t<\/div>\n\t\t\t\t\t<\/div>\n\t\t<\/div>\n\t\t\t\t\t<\/div>\n\t\t<\/section>\n\t\t\t\t<\/div>\n\t\t","protected":false},"excerpt":{"rendered":"<p>Seguridad Inform\u00e1tica El objetivo de la seguridad inform\u00e1tica es lograr protecci\u00f3n de datos en la red y los recursos de informaci\u00f3n. Atreves de nuestros especialistas en inform\u00e1tica minimizamos los riesgos de errores; fraudes y perdidas de los sistemas de informaci\u00f3n que interconectan a empresas, clientes, proveedores, etc&#8230; De esta forma no tendr\u00e1 problemas legales, robo &#8230; <a title=\"Seguridad Inform\u00e1tica\" class=\"read-more\" href=\"https:\/\/blackeagleoperaciones.com\/sitio\/index.php\/servicios\/informatica\/\" aria-label=\"Read more about Seguridad Inform\u00e1tica\">Leer m\u00e1s<\/a><\/p>\n","protected":false},"author":1,"featured_media":0,"parent":103,"menu_order":4,"comment_status":"closed","ping_status":"closed","template":"","meta":{"_monsterinsights_skip_tracking":false,"_monsterinsights_sitenote_active":false,"_monsterinsights_sitenote_note":"","_monsterinsights_sitenote_category":0,"generate_page_header":"","footnotes":""},"class_list":["post-171","page","type-page","status-publish"],"_links":{"self":[{"href":"https:\/\/blackeagleoperaciones.com\/sitio\/index.php\/wp-json\/wp\/v2\/pages\/171","targetHints":{"allow":["GET"]}}],"collection":[{"href":"https:\/\/blackeagleoperaciones.com\/sitio\/index.php\/wp-json\/wp\/v2\/pages"}],"about":[{"href":"https:\/\/blackeagleoperaciones.com\/sitio\/index.php\/wp-json\/wp\/v2\/types\/page"}],"author":[{"embeddable":true,"href":"https:\/\/blackeagleoperaciones.com\/sitio\/index.php\/wp-json\/wp\/v2\/users\/1"}],"replies":[{"embeddable":true,"href":"https:\/\/blackeagleoperaciones.com\/sitio\/index.php\/wp-json\/wp\/v2\/comments?post=171"}],"version-history":[{"count":12,"href":"https:\/\/blackeagleoperaciones.com\/sitio\/index.php\/wp-json\/wp\/v2\/pages\/171\/revisions"}],"predecessor-version":[{"id":354,"href":"https:\/\/blackeagleoperaciones.com\/sitio\/index.php\/wp-json\/wp\/v2\/pages\/171\/revisions\/354"}],"up":[{"embeddable":true,"href":"https:\/\/blackeagleoperaciones.com\/sitio\/index.php\/wp-json\/wp\/v2\/pages\/103"}],"wp:attachment":[{"href":"https:\/\/blackeagleoperaciones.com\/sitio\/index.php\/wp-json\/wp\/v2\/media?parent=171"}],"curies":[{"name":"wp","href":"https:\/\/api.w.org\/{rel}","templated":true}]}}